t is the units digit of f?
5
Suppose -726*a = -741*a + 268275. What is the ten thousands digit of a?
1
Let w(y) = y**2 - 9*y + 47. Let v be w(9). Suppose -5*t - v*j + 6252 = -50*j, -1252 = -t + j. What is the hundreds digit of t?
2
Let k(p) = -32*p**3 - 3*p**2 + 10*p + 43. What is the units digit of k(-4)?
3
Let o = -229 + 594. Let j = 468 - o. What is the hundreds digit of j?
1
Suppose 3*o - 5*i = 12 + 17, -5*o = 3*i - 3. Suppose 11*j - o*j = 16. Suppose -3*n + 146 = -j*n. What is the units digit of n?
6
Let a(z) = z**3 - 6*z**2 + z - 3. Let b be a(6). Suppose 5*g = -b*r + 21, -3*r - 2*r + 19 = 3*g. Suppose -22*h = -21*h - g. What is the units digit of h?
3
Suppose -4*z + 0*z = 3784. Let l = z - -1492. Suppose 3*d = -3*d + l. What is the tens digit of d?
9
Let j be (-20 + 3)*(10/2 + -3). What is the units digit of j/9 + 4 + (-10848)/(-27)?
2
Let a = -7 + -4. Let j = a + 112. Suppose w = -1, 6*b - 3*b = 5*w + j. What is the units digit of b?
2
Let i = 1952 - 1217. What is the units digit of i?
5
Suppose 6*l + a = -3*a + 42466, -4*l + 2*a = -28306. What is the units digit of l?
7
Let r(f) = f**2 + 6*f - 3. Let b be r(-5). Let a(n) = 145*n**2 + n**3 - n - 2*n - 9 - 72*n**2 - 64*n**2. What is the units digit of a(b)?
9
Let a(r) = -r**2 - 11*r - 13. Let f be a(-7). Suppose -f + 295 = 2*y. Let c = -53 + y. What is the units digit of c?
7
Let h(k) = 2*k + 50. Let g be h(-25). Let p(n) = n**2 - 7*n + 14. Let t be p(4). Suppose g = -t*y + 36 + 150. What is the units digit of y?
3
Let k = 104780 + -11874. What is the units digit of k?
6
Suppose 29142 = -18*l + 32076. What is the tens digit of l?
6
Let g = -629 + 656. Suppose g*c = 66*c - 51168. What is the thousands digit of c?
1
Let d = -764 - 42. What is the hundreds digit of 8 - (-1 - (-3 - d))?
8
Let r(s) = 7860*s - 16. What is the hundreds digit of r(1)?
8
Let y(l) = 4*l**3 + 12*l**2 + l - 2. Let t be y(-2). What is the tens digit of 14487/t + 10/(-8)?
0
Let l = -120 + 60. Let n = l + 68. Suppose n*o = 9*o - 16. What is the units digit of o?
6
Suppose -37 + 7 = 5*v. Let m be ((-21)/v)/(-7)*-22. Suppose -3*z + 60 = -o - m, -2*o = -5*z + 117. What is the units digit of z?
5
Let a = 838 + -839. Let v(q) = -717*q - 58. What is the tens digit of v(a)?
5
Let t be 9 + 224 - (2 - 1). Suppose 0 = 2*o - o + 118. Let v = o + t. What is the hundreds digit of v?
1
Let n(f) be the third derivative of -f**4/6 - f**3 + 161*f**2. What is the tens digit of n(-40)?
5
Let u(q) = 2*q**2 - 62*q + 2. Let m be u(31). Suppose -m*f + 169 = -3*b - 98, 2*f + 2*b = 252. What is the tens digit of f?
2
Let y(s) = 6*s + 139. Suppose -6*x + 27 = 27. What is the units digit of y(x)?
9
Let t(v) = -18*v + 394. Let l(b) = b**2 + 14*b - 15. Let f be l(-15). What is the tens digit of t(f)?
9
Let s = -3 + 7. Suppose 0 = -2*b - s*q - 232, 4*b - 122 = -5*q - 574. Let n = b + 181. What is the units digit of n?
3
Suppose 132 - 18 = -6*f. Let h(x) be the first derivative of x**3/3 + 17*x**2/2 - 6*x - 1. What is the tens digit of h(f)?
3
Let k(x) = x**3 + 2*x**2 - 3*x + 1. Let r be k(2). Suppose 39 = -2*g + r. Let u = g + 69. What is the tens digit of u?
5
Let s = 18914 - 13438. What is the tens digit of s?
7
Let b = -2 + -44. Let f = 57 + b. Suppose 2*k + 3*u = f - 0, 0 = 4*k + 5*u - 21. What is the units digit of k?
4
Let q = -726 + 804. What is the units digit of (-4 - q/(-5))*5?
8
What is the thousands digit of 60460/22 + 188/(-1034)?
2
Suppose -4*f - 6*v = -2*v - 2596, 3*v + 3237 = 5*f. Let i = f + -120. What is the tens digit of i?
2
Let n be (3 - 7)/32 + (-2)/(-16). Suppose n = k + 6 - 8. Suppose l + 5*g = 31, -k*l + 7*g = 3*g - 90. What is the tens digit of l?
4
Let m = -46 + 45. Let j be (m - -1)*2/4. Suppose -b + 4*k + 37 = j, -b - k + 7 = -30. What is the units digit of b?
7
Suppose z - 11 = -v - 3*z, 0 = 4*v + 4*z + 4. What is the units digit of v/((-60)/(-18))*-482 + -2?
1
Suppose -3*c - 78 = 5*u, -5*c + u - 3*u = 111. What is the units digit of (-369)/(-1) + 42/c?
7
Let w = -1630 - -34743. What is the thousands digit of w?
3
Let g(s) be the second derivative of 49/6*s**3 + 0 + 15*s + 7/2*s**2. What is the tens digit of g(2)?
0
Suppose -2*z + 38482 + 10444 = 4*q, 8*z = -4*q + 195776. What is the hundreds digit of z?
4
Let u(l) = -4*l**3 + 16*l**2 + 28*l - 7. Let j(d) = 14*d - 202. Let b be j(14). What is the tens digit of u(b)?
6
Suppose -s - 12 = -3*c, -4*s - 14 = -3*c - 2. Suppose s = a - 2, -5*n - 4*a - a + 985 = 0. What is the hundreds digit of n?
1
Suppose 52*t + 203*t - 7883070 = 0. What is the hundreds digit of t?
9
Suppose -45*g = -10*g - 289450. What is the thousands digit of g?
8
Let h(k) = k**2 + 5*k - 18. Let j be h(3). Suppose -j*x - 308 = 148. Let y = -22 - x. What is the units digit of y?
4
Let k(v) = 173*v + 829. What is the hundreds digit of k(71)?
1
Let r be ((-54)/30)/((-9)/30). Suppose 0 = r*j - 9*j + 15. Suppose -4*k - 64 = -2*a - 2*a, 2*a + 3 = -j*k. What is the units digit of a?
1
What is the thousands digit of 1/((-1)/(-580))*-19*(-249)/114?
4
Suppose -14*t + 13*t - 7 = 0, a - 2*t = 5438. What is the thousands digit of a?
5
Let b(w) = w**3 + 19*w**2 + w + 26. Let h be b(-19). What is the units digit of 9 + h + -14 + 477?
9
Suppose -5*q - 4*o + 257934 = 0, 284*q - 5*o = 287*q - 154750. What is the units digit of q?
0
Let r be (-3)/(3372/1125 - 3). Suppose -4*i + 85 = v - 290, r = 3*v + 3*i. What is the units digit of v?
5
Suppose -10*v - 16*v + 79833 = -3*v. What is the thousands digit of v?
3
Let i be (-234)/(-104) - 3/(-4). Suppose i*t = -9, -32*d + 33*d - 412 = -5*t. What is the tens digit of d?
2
Let g = -1482 - -594. Let d = 1243 + g. What is the hundreds digit of d?
3
Let r = -13843 - -58195. What is the units digit of r?
2
Let s(v) = -503*v**3 - 3*v**2 - 15*v + 36. What is the tens digit of s(-4)?
4
Let o = -721 - -3131. Suppose -5*x = -r - 6019, -2*x - 3*r = -r - o. What is the units digit of x?
4
Suppose -17*t + 96368 = -84138. What is the hundreds digit of t?
6
Suppose 5674 = 5*c + 3*m + 166, -3*m = -4*c + 4428. Suppose 3*f = 3*a - c, -4*a = a + 3*f - 1824. Suppose a = -13*n + 16*n. What is the tens digit of n?
2
Suppose -7*h = -1774 + 619. Suppose -2*l + 333 = -h. What is the hundreds digit of l?
2
Let b = -6977 + 14486. What is the tens digit of b?
0
Let u(s) = -28*s + 472. Let a be u(45). Let w = a - -1513. What is the tens digit of w?
2
Suppose 5*u - 449 = -24. Suppose 5*r - 4*y = u, 17 = r + 3*y - y. What is the tens digit of (4 + r*-18)/(-1 - 1)?
5
Let h(p) = -18*p**2 + 1371*p + 31. What is the hundreds digit of h(72)?
4
Suppose 1345*r - 1325*r - 146780 = 0. What is the hundreds digit of r?
3
Let l(r) = -20 + 2 + 23*r - 8*r**2 - 11*r**2 + 0. Let p(a) = -29*a**2 + 34*a - 27. Let b(m) = -8*l(m) + 5*p(m). What is the hundreds digit of b(6)?
1
Let h(o) = -17*o + 30. Let n be h(-4). Suppose -n*j - 2208 = -106*j. What is the tens digit of j?
7
Let s = 43279 - 27776. What is the units digit of s?
3
Suppose c - 18748 = 5*w + 32461, -2*w = -3*c + 153731. What is the ten thousands digit of c?
5
Let r(w) = 2021*w**2 - 2*w + 1. Let s be r(1). Suppose 24*l - 29*l = -s. Suppose 0 = -5*u + u + l. What is the units digit of u?
1
Suppose 0 = -8*v + 3*v + 5*h + 30, 0 = 5*h. Let z(c) = -11*c - 11*c + 27*c - 3 - 11. What is the tens digit of z(v)?
1
Let v be 8/3*(-387)/(-172). Suppose v*h = 2*h + 2180. What is the units digit of h?
5
Suppose -3*h - 3*h + 3227 = 2273. What is the hundreds digit of h?
1
Let z = 24814 + -7871. What is the thousands digit of z?
6
Suppose 3*x - 5*i + 137 = 0, 3*i + 2*i = 20. Let m be 20/(-5) - 0 - x. Suppose -17*q + m = -12*q. What is the units digit of q?
7
Let n(g) = -4*g - 21. Let i be n(-6). Let p be 1 - (4 - i)*-14. Let z = p + -11. What is the units digit of z?
4
Let f = -60 + 95. Let r(z) = z + 18. Let g be r(-11). Suppose 0 = g*q - f - 14. What is the units digit of q?
7
Let g = -2478 + 10923. What is the hundreds digit of g?
4
What is the tens digit of (-221)/(-85)*2*16580/8?
7
Suppose -3*m - m + w + 27 = 0, 0 = 2*w + 6. What is the units digit of -7 + (-7 + m)*-545?
8
Suppose 517*v + 531*v + 86192 = 1064*v. What is the thousands digit of v?
5
Suppose 728*c - 716*c - 986844 = 0. What is the thousands digit of c?
2
Let q(m) = -26*m**3 + 3*m**2 - 26*m - 158. What is the 